f 29 - (128 + 21) - -73?
-47
What is the value of (80 - (-48 + 45 + 46)) + 85?
122
What is the value of 48 + 19 + 25 - 7?
85
104 - (15 + -37 + 12 + 12)
102
Calculate 222 + -11 - (1106 - 1007).
112
Calculate 15 - (-16 - -6) - (-16 + 22 + -43).
62
What is -12 - (2 + -5 - (-90 + 92))?
-7
(-83 - -68) + 56 + 7
48
Calculate 53 - (-34 - (-130 + 55)).
12
Evaluate (0 - (4 + -11)) + (-3 - (3 + 32 + -14)).
-17
What is the value of -5 + (29 - 11) + -4 + -8 + 54 - 9?
46
Evaluate 7 + -1 + 1 + (-59 - -252 - 102).
98
Evaluate 48 - (9 - -36) - ((46 + 3 - 3) + -2).
-41
Evaluate (2 - -46 - (-7 + 8)) + -18 + 22 + -10.
41
Evaluate (-13 + 6 - -12 - 1) + (-4 - -15 - 6).
9
(0 - -10 - -4) + (37 + -5 - 9)
37
Evaluate 32 - -21 - (3 + 10 + -1 + -2).
43
-1 + 10 + 3 - (-25 - (-3 + 9))
43
Evaluate -72 + -17 + 20 + -6 + 17.
-58
What is the value of (-29 - -3) + -17 + (9 - -29) + -20?
-25
Calculate 7 - ((-30 + 0 - (-180 - -173)) + (0 - -4)).
26
What is the value of 62 + 20 + -5 + -44?
33
-4 + 11 - (-5 + (66 - (7 + 3 + -5)))
-49
(55 - 2) + 68 + -109
12
Calculate 4 + (5 - 2) + 34 + -1 + (-106 - -114).
48
-2 + 30 + -9 - 32
-13
What is -15 - 63 - (36 - -7 - 1)?
-120
What is (1 - 2) + (2 - 7) - ((-101 - -63) + -26)?
58
What is (-25 - 56) + (49 - -73)?
41
Evaluate (-11 + 9 - (-21 + 32 - (-1 + 7))) + -38.
-45
Evaluate (-1077 - -1088) + -1 + (3 - -2) - 15.
0
What is the value of -4 - (-22 + (39 - 55) + -72)?
106
Calculate -1 + 160 + (4331 - 4441).
49
-171 + 195 + -11 + -81
-68
What is (3 - 32 - 13) + 31 + 1 + -1?
-11
What is (-1 - (1 - -46)) + (1774 - 1753)?
-27
Calculate -14 + (56 - (-6 - (21 - 7 - 13))).
49
What is 5 - -84 - (1 + 0 + (-3 - 12) + 10)?
93
Calculate 5 + (-7 - 6) - (-8 + (4 - (7 - 5))).
-2
What is the value of (38 - (29 + 46 + -33)) + -30?
-34
What is (-4 + 29 - 20) + -32 - -21?
-6
-5 - (6 + -45) - (90 + -87)
31
(1 - -39) + (21 + -43 - -18)
36
Calculate -11 - (-329 + 282 + 7 + 0 + -2).
31
Calculate (-309 - -75) + 363 - (-1 + 37).
93
Evaluate -34 + 54 + 60 + 6.
86
What is the value of 21 + 4 - (14 + (-41 - -11))?
41
What is -14 - 5 - (127 - 186)?
40
Evaluate 14 - 3 - (-59 - -106).
-36
(2 - -12) + (14 - 14) + (0 - 12)
2
What is the value of -57 - (-90 - (-30 - -49))?
52
Calculate -99 + 99 + 2 + (-27 - 1).
-26
Calculate (27 - -31) + (-3 - (15 + -5)).
45
What is (-9 - (-1 + (0 - 11))) + 0 + 0?
3
What is the value of 1 + -35 + (-27 - (36 - 22 - 36))?
-39
What is the value of 22 + (-2 - (0 - -1 - 16 - (8999 - 9004)))?
30
What is the value of -34 + -3 + -20 + 330 + -285?
-12
-2051 + 2097 - (2 + -24)
68
46 - (67 - 18 - 10)
7
Calculate (-4 - 0) + (0 - (-55 - -19)).
32
What is the value of -13 + -9 - (-26 - -72)?
-68
Evaluate 30 - ((-2 - -30) + -54 + -10).
66
What is the value of -77 + (-259 - -225) + 27 + 7?
-77
What is -64 + 36 + 11 - (-20 + 41)?
-38
Evaluate 13 - (-16 - -8) - (-39 + 19).
41
What is the value of (0 - (-7 - -5)) + 6 - (-437 + 444)?
1
What is 11 + 5 + (-8 - -7) + -3 + (29 - -26)?
67
Calculate -80 + (14 + -1 - -33).
-34
What is -42 - (2 - 306) - 125?
137
Evaluate -4 + 10 + -3 - (-6 - (-2 - 12)).
-5
-93 - (17 + 1 + (-1203 - -1168))
-76
Calculate (-2 - 0 - -80) + (268 + -573 - -314).
87
Calculate (13 - -9) + (10 - (-2 + 10 + -10)).
34
What is the value of 79 + 0 + (-5306 - -5149) + -1 + (-4 - -1)?
-82
-1 - 7 - (9 + -20 + 7) - -7
3
What is the value of -41 + (23 - 22 - -42)?
2
Calculate -3 + -16 + -10 + (-2 - -1).
-30
Evaluate 2 + (-3 - -1) + -35 + 0 + 15 + -9.
-29
What is the value of (-1 - -1) + -488 + 494 + (-67 - -9)?
-52
What is the value of 0 + (5 - (51 + 2)) + (-1 - (23 + -33))?
-39
What is -10 - -28 - 73 - 2?
-57
Calculate 0 - 9 - (-27 + 26 + -49 + (18 - 20)).
43
What is the value of 2 + -13 + -2 + -60 + (-14 - -51)?
-36
What is the value of 8 + 2 + 2776 + -2903?
-117
Calculate 224 + -212 - (1 + 9).
2
What is -2 + 22 + (-15 - (50 + -60))?
15
Evaluate (-4 - (-18 - (-18 + 15))) + (-1 - 35).
-25
Evaluate 1 + 6 - ((20 + (-24 - 1) - 115) + 15).
112
2 - (-26 - (-36 - -31 - -24))
47
Calculate 2 - -63 - (3416 + -3429).
78
What is -14 + 1 + -98 + (-99 - -121)?
-89
What is the value of -3 + (-60 - -41) + -3?
-25
Calculate 27 + (54 - 83 - -30).
28
Calculate 72 - -3 - (-7 + -9 + (-9 + 15 - -20)).
65
What is the value of 0 - -59 - (6 - (-13 + 22 + -16))?
46
What is (13 - (1 - -26)) + -7 + -11?
-32
What is (6 - 13) + -25 + 44 - 19 - -41?
34
What is 23 + -40 + (-18 - (14 + -57))?
8
What is 175 + 3 - (3995 - 3919)?
102
Evaluate 48 - (1 - -1 - (102 + -119)).
29
What is the value of ((-11 - (20 - 8)) + 0 - -2) + -13?
-34
Calculate 2 + 110 + (4625 - 4642).
95
What is 10 + -3 - (-44 - 3 - -20)?
34
Evaluate 6 + (-14 - -37) + (-5 - 2) - 8.
14
Calculate 82 - (16 + 8 - -1) - (1 + 0).
56
Evaluate -1 - 6 - (-98 + -7 + 31).
67
Calculate 60 + -14 - (1 - 1 - -4).
42
What is -28 + -19 - (-70 + 38)?
-15
Evaluate -54 + -3 + 66 - 42.
-33
(-52 - 2 - (-8 + 11)) + 6 + -12
-63
Evaluate -20 + (-105 - (-93 + 83)).
-115
What is (52 - 131) + (25 - -25)?
-29
Calculate 3 + (-10 - (-6 + 5)) + (0 - -52).
46
-51 - 4 - (-57 - -22)
-20
Calculate 0 + -9 + (44 - (50 - (28 + 8))).
21
Calculate 13 + 0 - (15 + (121 - 116)).
-7
Calculate -1168 + 1128 - (1 + -97) - -35.
91
Evaluate 75 - (-19 + (59 - -48)).
-13
Evaluate 143 + -79 + (-106 - 48).
-90
-5 + (24 + -7 - 20) + -1 + -2 + -6
-17
What is (-6 - (-3 - -5)) + 2 + (52 - -8)?
54
What is the value of 7 + 0 + (189 - (451 - 248))?
-7
Calculate -89 + (-86 + 96 - (2 - -9)) + 10 + -5.
-85
Evaluate 5 - (-21 - (21 + 1)) - 16.
32
What is 7 + -9 - (-5 - (17 + 58) - (3 + -12))?
69
What is (-6 - (-12 - -1)) + (-7 + 8 - -4) + -3?
7
Evaluate 1096 + -1132 + (41 - -3).
8
Calculate 4 + 3 + 1 - (8 + -28 - (13 - 9)).
32
Evaluate (16 + -30 + (2 - -24) - -91) + (-7 - 5).
91
What is the value of 19 - (-18 + -23 + 18 + (0 - 3 - -17))?
28
(52 - 75) + -19 + 9 + 17
-16
What is -3 - (-2 - (-3 + -3)) - (2 - -39) - -8?
-40
Calculate 71 + -22 - 56 - (-27 - ((11 - 4) + -2)).
25
Calculate -2 - -6 - (-6 + (2 - 5) + (96 - 156)).
73
Calculate -1103 - -1114 - (2 - -56).
-47
Evaluate -46 + 0 - (33 + -24) - (3 - 0 - 12).
-46
Evaluate 73 - (110 + -15 + -47 - 39).
64
What is 65 + -14 + 22 + (6 + (9 - 10) - -1)?
79
108 + 1 + (-11 - (-52 - (16 - 31) - -16))
119
What is 32 - (-7 - 41 - -38)?
42
Evaluate 3 - (20 - (-22 - -18 - -18 - (2 - -9))).
-14
Evaluate 13 + (18 + -15 - 8) - (-10 + -9).
27
What is the value of -68 + 44 + (20 - 2) + 14?
8
What is the value of 10 - (24 + -5 + 10 + -22)?
3
What is -15 - (-4 + -2 - (62 - 13))?
40
What is (-18 - 21) + 22 - 2?
-19
8 + 16 + (10 - 33) + -63 - (2 - 14)
-50
Evaluate (14 - 1) + (1 - 31) + (1861 - 1881).
-37
Evaluate -63 - ((991 - 961) + 0 + -59).
-34
What is the value of (32 + 1 - (-394 - -391)) + -7?
29
What is the value of -17 - ((-41 - (-9 - 6)) + -21)?
30
What is the value of -2 - 16 - (-42 - -4) - -13?
33
Calculate 172 + (-12 - 132) + 68.
96
What is 1 + 131 + -70 - (0 - -3)?
59
What is (-202 - 19) + 155 - 57?
-123
(3724 - 3671) + (2 - ((3 - (0 + 0)) + -6))
58
What is the value of 21 + (28 - 49 - -15)?
15
Calculate 4 - (1 + -20 + 16 + -2 + 13).
-4
What is 63 + -70 + (3 + -5 - 0) - -6?
-3
What is -1 - (-22 + 1 + 10) - (77 + -64)?
-3
What is -11 + (-1 - -4) + -41 + (-19 - (21 - 37))?
-52
6 + 0 + 28 + -11 + 1 + (6 - 15)
15
Calculate 54 + (22 - 64) - 3.
9
What is the value of -1 + 22 + (114 - 79) - -4?
60
-8 + (-1 - 31 - -8) - 13
-45
What is 3 - (-19 - -17 - 16) - (0 - (5 + 3))?
29
(-8 - (-21 - -13)) + -9 + (-2 - -61 - 0)
50
What is -137 - -19 - ((46 - -16) + -43)?
-137
2 + 110 - (-4695 + 4836)
-29
-41 - (85 + 15 + -215)
74
Calculate -16 - ((29 - -7) + -73).
21
Evaluate 2 + 2 + -16 - (-41 - -41) - -8.
-4
Calculate (121 - 59) + 28 + (-9 + 5 - -2).
88
(102 - 37) + -74 + -2 + (-36 - -1)
-46
What is the value of 32 - -12 - 21 - (8 + (2 - 14) + -3)?
30
9 - (128 - 65) - -39
-15
Calculate -56 + -17 + (-37 - -169).
59
Evaluate -32 - -46 - ((-12 - 1) + -15).
42
Evaluate (19 - (180 - 187 - (3 - 31))) + -10.
-12
What is 1708 + -1697 - (1 - 3 - (-2 - 53))?
-42
Evaluate (116 + -49 - 56) + (-3 - -80 - 0).
88
Evaluate (-3 - 6 - -24 - 19) + 39.
35
What is the value of 6 + 1 + -2 - (-12 - -3)?
14
What is 10 + 7 + 11 + -1 + 9 + 3?
39
2 + 87 + (-45 - -26 - (7 - 12))
75
Calculate -1 + -59 + (-9 - -24) + (-18 - -6).
-57
Evaluate -3 - -30 - (-28 - -35) - -19.
39
What is -7 - 9 